
101
Let i be (-15)/10 + 858/4. Let d = i - 53. Calculate the greatest common divisor of 20 and d.
20
Let f be (5232/72)/((-2)/(-3)). Suppose 13*c = f + 1243. What is the greatest common divisor of 48 and c?
8
Let s(i) = 2*i**3 + 43*i**2 - 63*i + 29. Let j be s(-22). What is the greatest common factor of 441 and j?
49
Let g(t) = -6*t + 4 - 5 + 0. Let u be g(-5). Suppose -40*n + 48*n - 2088 = 0. Calculate the highest common factor of n and u.
29
Let z = -499 + 337. Let u = -152 - z. What is the greatest common factor of u and 40?
10
Suppose 0 = -21*p + 20*p + 106. Suppose 0 + 12 = 3*q, 0 = -2*v - 5*q + p. Calculate the greatest common factor of v and 1.
1
Let f = 1 + 4. Let j = 74753 - 74658. What is the greatest common factor of f and j?
5
Suppose -5*q - 44 = -4*y - 304, 63 = q - 3*y. Suppose 2*x = -7680*z + 7675*z + 1081, -3*z - 2097 = -4*x. Calculate the greatest common divisor of x and q.
48
Let u be -2 + -3*(-4)/3. Suppose u*c + 300 = -4*k, -5*k + 5*c = -3*k + 126. Let g = 87 + k. Calculate the greatest common factor of g and 14.
14
Let p = -16 - -23. Suppose 5*b - p = 3, 3*b = 2*r - 20. Calculate the greatest common divisor of r and 1.
1
Let s be 10/(-8) - (-21675)/204. Let k(d) = 0*d - d + 3 + 5*d**2 - 3*d. Let o be k(2). Calculate the highest common divisor of o and s.
15
Let p = -995 + 1325. What is the greatest common factor of 770 and p?
110
Let i(v) = -v**2 + 2*v + 2. Let n be i(4). Let b = n - -13. Suppose -y - 5 = 2*p - 92, -2*y = -p + 36. Calculate the highest common factor of p and b.
7
Let v(h) = -459*h - 3. Let k be v(-2). Suppose 702*f + 373 = 10903. Calculate the highest common factor of f and k.
15
Suppose 120388 = 123*s - 130330 - 54076. What is the greatest common factor of s and 14?
14
Let j be ((28/10 + -3)*-10)/1. Suppose -998 = -5*v - 2*h + 3*h, -h = -j. What is the greatest common factor of v and 25?
25
Suppose 102*y = 104*y - 336. Let s = 152 + y. Calculate the greatest common factor of 10 and s.
10
Let l be -2 + -24 + -2 + (-12)/(-4). Let k be 152/3 - (-2)/6. Let i = l + k. Calculate the highest common factor of i and 39.
13
Let r = -3 - -13. Let d = -174 - -175. Let u be (1 - d)/1 + -23 + 133. What is the greatest common divisor of u and r?
10
Let q be (-16)/(-20)*(-2 + 516/8). Calculate the highest common divisor of q and 2050.
50
Let d be -37 + 37 + (4 - (-888 - -1)). What is the highest common factor of 405 and d?
81
Suppose 0 = -c + 4*c + 2*k - 928, 1544 = 5*c + 4*k. Let m be (-844)/44 + 19 - 532/(-22). What is the highest common factor of m and c?
24
Suppose -2*g - 5246 = -4*u - 790, 4*g + 3332 = 3*u. Calculate the highest common factor of 18 and u.
18
Let l be (34 - -3)/(-9 + (-4190)/(-465)). Calculate the highest common factor of 93 and l.
93
Let f = 63 - 63. Let j(n) = n**2 + 15*n + 99. Let d be j(f). Let m be (-1 - -3)/(2/9). What is the greatest common factor of d and m?
9
Let p = -9 - -13. Suppose -4 = 3*z + 2*t, 3*z + t - 1 = -0. Suppose 5*q = -z*h + 220, p*h - 492 = -0*q + 3*q. What is the highest common divisor of h and 24?
24
Let g = -151 - -221. Let i = -1824 + 1827. Suppose 204*r - 4*f + 92 = 208*r, 0 = i*r - 5*f - 109. Calculate the greatest common divisor of g and r.
14
Let l(y) = -19 - 167*y**3 - 24 - 84*y**3 + 42. Let r be l(-1). Suppose -t = 4*u - r, -2*t - 20 = 4*u - 500. What is the greatest common divisor of 46 and t?
46
Let f = -200 + 371. Let y(v) = -12 - 27*v + 16*v - 23 + 13*v. Let k be y(27). Calculate the highest common divisor of f and k.
19
Let p be (-1750)/(-15) - (-2)/(-3). Suppose 4*i - p + 24 = 3*g, -4*i + 96 = -4*g. Calculate the highest common factor of i and 70.
10
Let x be (5/15)/((-3)/(-18)). Suppose 5*p - 2*t + 2 - 4 = 0, -x*p - t = 1. Suppose -2*q + 14 + 2 = p. What is the greatest common factor of 16 and q?
8
Suppose -3*z = 2*q - 9, 1 - 2 = -z. Let k(a) = -3*a**2 + 47*a + 3. Let d be k(16). Let l be -1 - d/2 - (-1)/2. What is the highest common factor of q and l?
3
Let l = 116 - 83. Suppose 3*y + 9 = l. What is the highest common divisor of y and 10?
2
Let b be (8/(-5)*8)/((-1395)/(-100) - 14). What is the greatest common divisor of b and 752?
16
Suppose -4*z + 4 = -3*b, 9*z + 30 = -5*b + 11*z. Let n(r) = 2*r**3 + 15*r**2 - 11*r - 13. Let i be n(b). Calculate the greatest common factor of 1408 and i.
11
Let y = 133 + 33. Let v = 225 + y. Calculate the highest common divisor of v and 17.
17
Let h(v) = -12*v. Let x be h(-4). Suppose -21*l = 460 + 254. Let y = l + x. Calculate the greatest common factor of y and 154.
14
Suppose 0 = f + 6, 4*m - 24*f = -25*f + 330. Calculate the greatest common factor of m and 17.
1
Let c(g) = 30*g**2 - 2*g - 3. Let z be c(-4). Let t = z - 100. Calculate the greatest common divisor of 33 and t.
11
Suppose -26*u - 469 + 1379 = 0. Suppose 20*m + 4620 = u*m. What is the greatest common divisor of 28 and m?
28
Let j = -550 + 545. Let f(n) = -9*n**3 - 7*n**2 + 13*n + 4. Let t be f(j). What is the greatest common factor of t and 127?
127
Let i be (-411292)/518*(10/16)/(3/(-12)). What is the highest common factor of 10 and i?
5
Let j be 0 - 0 - (-108)/(-27). Let b be ((-3)/j)/(-8 + (-770)/(-96)). What is the greatest common factor of 9 and b?
9
Let w(q) = q**2 - 2*q + 236. Let n be w(0). Suppose 0 = -2*y + n + 486. What is the greatest common divisor of 19 and y?
19
Suppose 88 = 5*t + 4*g, -2*g + 45 = 3*t + 3*g. Suppose -t = 5*b, x - 4*b - 26 = 71. Let c = x + -65. What is the highest common divisor of 16 and c?
16
Let a(p) be the second derivative of 31*p**3/6 + 53*p**2/2 + p. Let x be a(5). What is the highest common factor of x and 48?
16
Let r be 4/((-18)/30 - -1). Let k(x) = x. Let u(q) = q - 1. Let z(w) = k(w) + 5*u(w). Let l be z(r). Calculate the highest common factor of 11 and l.
11
Let o be (-8 + 23 - 5)/((-2)/(-7)). Calculate the highest common divisor of o and 85.
5
Suppose 10 = -0*j + 5*j. Let u = 486 - 333. Let w = -139 + u. What is the greatest common divisor of w and j?
2
Suppose -3*n + 55 = -4*n. Let v = -47 - n. Suppose -2*h = 4*b - 62, -19 = -h + 2*b - v. Calculate the greatest common factor of 168 and h.
21
Let z = -331 + 411. Suppose 0 = 89*k - z*k - 1386. Calculate the highest common divisor of k and 28.
14
Let p(m) = -m**3 - 19*m**2 - 21*m - 54. Let h be p(-18). Let y be h - ((-2)/5 - 99/15). What is the greatest common divisor of y and 2?
1
Let r be -24*(-3 + 4)*(-940)/30. What is the highest common divisor of 1072 and r?
16
Let g be -1 - -1 - 200/(-4). Suppose -5*x = -15 - g. Let r(j) = -j**3 + 11*j**2 + 9*j + 49. Let a be r(12). Calculate the greatest common divisor of a and x.
13
Suppose 475 + 173 = 24*m. Let v = 58 + -22. What is the greatest common factor of m and v?
9
Let b(h) = -506*h + 15323. Let z be b(24). What is the highest common divisor of 561 and z?
187
Suppose 0 = 2*y + 2*g - 198, 3*y = 12*g - 7*g + 273. Calculate the highest common factor of 664 and y.
8
Suppose 179*t - 29520 = -61*t. What is the greatest common factor of 87 and t?
3
Let a(g) = -215*g + 318. Let h be a(-6). What is the highest common factor of h and 96?
24
Let b be 47*(1166/30 - 3*(-42)/945). What is the highest common divisor of b and 182?
13
Let w be (33 + -35)*4/(8/(-30)). Calculate the greatest common divisor of w and 1490.
10
Let f = -13 - -23. Let r(o) = o - 18. Let u(d) = d - 33. Let j(b) = 5*r(b) - 2*u(b). Let y be j(f). Calculate the greatest common divisor of 54 and y.
6
Suppose 0 = -140*t + 139*t + 5. Suppose -2*j + 211 = t*z - 9, 107 = j + z. Calculate the greatest common divisor of j and 70.
35
Let n(i) = 5*i**3 - 36*i**2 + 45*i - 51. Let x be n(12). Calculate the greatest common factor of x and 15.
15
Suppose -5*l + 535 = 5*b, -4*b - 524 = -5*l + 65. Calculate the greatest common divisor of 14351 and l.
113
Let d be 57*(-9 + (-445)/(-15) + 1). Calculate the greatest common factor of d and 665.
95
Let j(a) be the second derivative of a**5/20 - 2*a**4/3 + 23*a**3/6 - 3*a**2 - 4*a + 3. Let f be j(7). Calculate the greatest common divisor of f and 53.
53
Let y = -13902 + 14112. Calculate the highest common factor of y and 308.
14
Suppose 3*j = 8*x - 4*x + 25, 5*j = -2*x + 7. Suppose -j*b + 30 = -5*v - 268, -444 = -4*b - 5*v. What is the highest common divisor of 53 and b?
53
Suppose 78401 = 12*j - 32959. What is the greatest 